0011
What is 0 (base 2) in base 13?
0
What is -68 (base 9) in base 7?
-116
1a2 (base 11) to base 6
1025
What is -16 (base 15) in base 6?
-33
What is 224 (base 9) in base 7?
352
Convert 47 (base 10) to base 8.
57
What is 5 (base 13) in base 2?
101
Convert 3002 (base 4) to base 9.
235
Convert -13 (base 12) to base 13.
-12
What is 0 (base 14) in base 12?
0
4 (base 14) to base 12
4
-213 (base 12) to base 3
-102020
Convert 66 (base 11) to base 14.
52
What is -111 (base 2) in base 15?
-7
22 (base 7) to base 10
16
1 (base 13) to base 4
1
Convert a (base 15) to base 3.
101
Convert a (base 13) to base 6.
14
What is 110012 (base 3) in base 15?
16e
What is -d (base 14) in base 4?
-31
What is 21 (base 10) in base 7?
30
What is -114 (base 11) in base 6?
-344
What is 7 (base 15) in base 8?
7
Convert -103 (base 14) to base 13.
-124
Convert 4 (base 13) to base 15.
4
What is 7 (base 15) in base 8?
7
-1 (base 7) to base 2
-1
What is -11 (base 4) in base 14?
-5
Convert 1 (base 4) to base 12.
1
What is 220 (base 5) in base 10?
60
What is -333 (base 6) in base 7?
-243
What is 41 (base 11) in base 2?
101101
What is 64 (base 10) in base 13?
4c
Convert 60 (base 13) to base 16.
4e
Convert -4 (base 12) to base 9.
-4
What is b (base 12) in base 7?
14
Convert -33 (base 9) to base 11.
-28
251 (base 9) to base 6
544
6 (base 12) to base 4
12
0 (base 16) to base 5
0
Convert -1a (base 13) to base 2.
-10111
Convert -13 (base 8) to base 7.
-14
What is 15 (base 10) in base 7?
21
Convert 42 (base 13) to base 7.
105
-33 (base 4) to base 15
-10
Convert 106 (base 7) to base 14.
3d
Convert 201 (base 3) to base 11.
18
Convert -77 (base 16) to base 13.
-92
What is -7 (base 9) in base 16?
-7
What is 10 (base 11) in base 2?
1011
Convert 42 (base 9) to base 5.
123
Convert 2033 (base 4) to base 14.
a3
What is -5a (base 11) in base 14?
-49
-10101 (base 3) to base 2
-1011011
-2 (base 10) to base 12
-2
Convert 106 (base 9) to base 3.
10020
-7b (base 12) to base 7
-164
What is 0 (base 13) in base 8?
0
What is 17 (base 14) in base 15?
16
-3 (base 12) to base 4
-3
89 (base 10) to base 2
1011001
6 (base 9) to base 8
6
What is 2 (base 16) in base 11?
2
Convert 61 (base 15) to base 13.
70
Convert -1110 (base 2) to base 9.
-15
What is 311 (base 4) in base 12?
45
-37 (base 11) to base 5
-130
What is 11101 (base 2) in base 9?
32
3 (base 4) to base 9
3
30 (base 11) to base 7
45
Convert 1010000 (base 2) to base 9.
88
-20210 (base 3) to base 7
-351
Convert 203 (base 4) to base 2.
100011
What is -100 (base 2) in base 8?
-4
What is -6 (base 14) in base 15?
-6
What is -1011 (base 3) in base 4?
-133
What is 3 (base 6) in base 16?
3
102 (base 5) to base 13
21
Convert -2 (base 9) to base 15.
-2
What is 11000 (base 2) in base 9?
26
Convert -12 (base 8) to base 14.
-a
-418 (base 9) to base 13
-203
What is 33 (base 13) in base 15?
2c
6c (base 16) to base 12
90
-10 (base 6) to base 7
-6
Convert -5 (base 10) to base 9.
-5
What is -38 (base 11) in base 8?
-51
Convert 47 (base 13) to base 11.
54
Convert 101 (base 2) to base 15.
5
-4 (base 8) to base 9
-4
What is -14 (base 9) in base 16?
-d
Convert 1 (base 10) to base 7.
1
Convert -310 (base 7) to base 10.
-154
Convert 10 (base 3) to base 9.
3
What is 21 (base 7) in base 5?
30
-3 (base 16) to base 2
-11
What is -1c8 (base 14) in base 8?
-564
12 (base 3) to base 11
5
1001 (base 3) to base 15
1d
-6 (base 9) to base 13
-6
Convert 3 (base 5) to base 14.
3
Convert 7 (base 14) to base 3.
21
What is 1 (base 2) in base 5?
1
39 (base 14) to base 11
47
1011101 (base 2) to base 6
233
4 (base 16) to base 6
4
What is 20 (base 15) in base 14?
22
What is -6 (base 10) in base 7?
-6
3 (base 10) to base 7
3
Convert 4 (base 8) to base 15.
4
-1103 (base 4) to base 15
-58
Convert 57 (base 9) to base 13.
40
What is b (base 14) in base 9?
12
4 (base 16) to base 4
10
Convert -21 (base 4) to base 16.
-9
Convert -1 (base 12) to base 6.
-1
-4 (base 9) to base 14
-4
-12 (base 13) to base 11
-14
What is 1001 (base 5) in base 12?
a6
What is 11 (base 2) in base 15?
3
What is 10 (base 4) in base 5?
4
Convert 11 (base 6) to base 3.
21
What is -112 (base 4) in base 12?
-1a
What is -2 (base 13) in base 16?
-2
What is 83 (base 13) in base 11?
98
0 (base 13) to base 11
0
What is 0 (base 15) in base 2?
0
Convert -457 (base 8) to base 5.
-2203
-6a (base 14) to base 4
-1132
What is 30 (base 16) in base 8?
60
101110 (base 2) to base 7
64
3 (base 8) to base 15
3
What is -6 (base 8) in base 10?
-6
Convert 111 (base 2) to base 4.
13
Convert -5 (base 6) to base 2.
-101
Convert 4 (base 11) to base 14.
4
What is -1000 (base 2) in base 3?
-22
5 (base 6) to base 10
5
11 (base 7) to base 3
22
-50 (base 16) to base 12
-68
What is 2 (base 12) in base 5?
2
What is 16 (base 8) in base 7?
20
What is 0 (base 16) in base 15?
0
Convert -2 (base 8) to base 7.
-2
What is -13 (base 4) in base 2?
-111
What is -1 (base 16) in base 2?
-1
3 (base 13) to base 4
3
-111 (base 9) to base 13
-70
Convert 92 (base 12) to base 8.
156
Convert -7 (base 9) to base 4.
-13
Convert -18 (base 14) to base 8.
-26
Convert -4 (base 7) to base 5.
-4
0 (base 3) to base 9
0
1 (base 8) to base 6
1
Convert 206 (base 8) to base 14.
98
32 (base 12) to base 5
123
Convert 461 (base 9) to base 16.
17b
Convert -4 (base 9) to base 15.
-4
Convert 11000 (base 2) to base 15.
19
Convert -4 (base 5) to base 6.
-4
Convert -9 (base 14) to base 8.
-11
113 (base 5) to base 6
53
-150 (base 11) to base 14
-c8
What is b5 (base 16) in base 6?
501
What is 43 (base 10) in base 2?
101011
What is -21 (base 6) in base 8?
-15
-10 (base 8) to base 10
-8
Convert 9 (base 11) to base 4.
21
What is 13 (base 4) in base 9?
7
What is 63 (base 9) in base 5?
212
What is -210 (base 4) in base 2?
-100100
Convert 2 (base 4) to base 5.
2
What is 324 (base 7) in base 2?
10100101
8 (base 14) to base 10
8
What is 1 (base 4) in base 13?
1
What is 5 (base 6) in base 7?
5
-5c (base 15) to base 4
-1113
-25 (base 8) to base 14
-17
What is -24 (base 11) in base 14?
-1c
What is 11121 (base 3) in base 16?
7c
-7 (base 16) to base 9
-7
-1 (base 7) to base 6
-1
What is -200 (base 6) in base 9?
-80
6 (base 12) to base 13
6
What is 5 (base 10) in base 5?
10
What is -43 (base 5) in base 2?
-10111
Convert -18b (base 12) to base 16.
-fb
Convert 2 (base 4) to base 9.
2
Convert 10000 (base 2) to base 12.
14
Convert -1 (base 5) to base 15.
-1
1225 (base 6) to base 4
10301
Convert 3 (base 12) to base 3.
10
What is 1 (base 16) in base 14?
1
Convert 2 (base 9) to base 11.
2
434 (base 5) to base 2
1110111
Convert -e (base 15) to base 8.
-16
-103 (base 4) to base 13
-16
What is 23 (base 5) in base 10?
13
What is 11 (base 5) in base 8?
6
38 (base 10) to base 9
42
What is 104 (base 13) in base 2?
10101101
What is 5 (base 12) in base 13?
5
-4 (base 7) to base 15
-4
10 (base 3) to base 5
3
Convert 5 (base 13) to base 16.
5
What is -3 (base 10) in base 16?
-3
What is 1 (base 8) in base 11?
1
Convert 15 (base 6) to base 5.
21
25 (base 16) to base 14
29
-2 (base 14) to base 9
-2
What is -7 (base 14) in base 12?
-7
7 (base 13) to base 8
7
-40 (base 16) to base 15
-44
Convert 51 (base 9) to base 14.
34
What is 3 (base 10) in base 7?
3
-111 (base 2) to base 13
-7
Convert 10 (base 4) to base 3.
11
-200 (base 6) to base 16
-48
What is -56 (base 11) in base 12?
-51
Convert -1 (base 16) to base 2.
-1
What is -3 (base 14) in base 7?
-3
What is 53 (base 13) in base 16?
44
Convert -140 (base 5) to base 8.
-55
-136 (base 7) to base 5
-301
-21010 (base 3) to base 5
-1232
What is -1 (base 9) in base 15?
-1
What is -56 (base 8) in base 5?
-141
What is 2033 (base 5) in base 7?
532
7 (base 13) to base 16
7
-463 (base 7) to base 16
-f1
What is -3 (base 11) in base 7?
-3
-3 (base 7) to base 8
-3
Convert -202 (base 8) to base 13.
-a0
What is 19 (base 15) in base 7?
33
12 (base 3) to base 10
5
What is -3 (base 9) in base 14?
-3
What is 2 (base 7) in base 5?
2
-9 (base 10) to base 12
-9
Convert -10 (base 11) to base 5.
-21
What is 28 (base 10) in base 4?
130
What is -2 (base 5) in base 16?
-2
What is 2 (base 8) in base 7?
2
What is 14 (base 9) in base 5?
23
-17 (base 13) to base 7
-26
What is -21200 (base 3) in base 15?
-dc
What is 10100 (base 2) in base 12?
18
2d (base 14) to base 4
221
Convert 31 (base 9) to base 7.
40
What is 5 (base 10) in